{"id":54,"date":"2019-02-05T13:06:56","date_gmt":"2019-02-05T13:06:56","guid":{"rendered":"https:\/\/judoclub-kaikan.ch\/?page_id=54"},"modified":"2019-02-06T14:32:12","modified_gmt":"2019-02-06T14:32:12","slug":"clubgeschichte","status":"publish","type":"page","link":"https:\/\/judoclub-kaikan.ch\/index.php\/clubgeschichte\/","title":{"rendered":"Clubgeschichte"},"content":{"rendered":"\n<p><strong>10.09.1948<\/strong><br>Im Anschluss an die Generalversammlung des dazumal einzigen Judo Clubs der Stadt Basel, des JUDO CLUB BASEL, waren einige Mitglieder mit der Judorichtung des Dr. Hanho Rhi nicht einverstanden und beschlossen, einen neuen Club zu gr\u00fcnden.<\/p>\n\n\n\n<p><strong>19.11.<\/strong> <strong>1948<\/strong><br>Der neue Club wurde bereits Tatsache! 18 Judokas gr\u00fcndeten den Jiu Jitsu und Judo Club Basel (JJJC Basel). Der erste Vorstand wurde an der Gr\u00fcndungsversammlung vom 19. November 1948 gew\u00e4hlt. Die Zeitung &#8222;Basler Nachrichten&#8220; berichtete:<br>Als Trainingslokal wurde die Schwinghalle im Untergeschoss des Wettstein-Schulhauses gemietet. Das Training fand vorl\u00e4ufig jeden Mittwoch von 19.30 &#8211; 21.30 Uhr statt. Der Mitgliederbeitrag f\u00fcr die Aktiven wurde auf Fr. 2.50 pro Monat festgesetzt. Stammlokal war das Restaurant &#8222;Rheinfelderhof&#8220;.<\/p>\n\n\n\n<p><strong>18.03.1949<\/strong><br>Der JJJC Basel stellt den Antrag, in den Schweizerischen Jiu Jitsu Verband (SJJV) aufgenommen zu werden. Der Club hat bereits 45 Mitglieder.<\/p>\n\n\n\n<p><strong>17.12.1949<\/strong><br>Der JJJC Basel wird mit 6:6 Stimmen und einer Enthaltung durch Stichentscheid des Pr\u00e4sidenten Willy Knoll, St. Gallen in den SJJV aufgenommen.<\/p>\n\n\n\n<p><strong>20.05.1950<\/strong><br>Erster Mannschaftskampf gegen den JJJ Club Z\u00fcrich in Z\u00fcrich, der mit 12:8 Punkten gewonnen wird.<\/p>\n\n\n\n<p><strong>10.05.1951<\/strong><br>Erstmals seit dem 2. Weltkrieg startet eine Schweizer Clubmannschaft in Stuttgart. Der JJJC Basel gewinnt diese Begegnung mit 13:7 Punkten.<\/p>\n\n\n\n<p><strong>30.11.1951<\/strong><br>Erste Grossveranstaltung in Basel! Im &#8222;Gundeldinger-Casino&#8220; k\u00e4mpft vor 500 Zuschauern der JJJC Basel gegen Colmar und gewinnt mit 12:4 Punkten.<\/p>\n\n\n\n<p><strong>08.07.1952<\/strong><br>Der JJJC Basel wirkt bei den Fernsehversuchen in M\u00fcnchenstein mit.<\/p>\n\n\n\n<p><strong>07.12.1952<\/strong><br>In Luzern finden die ersten Schweizer Meisterschaften im Judo statt. Der JJJC Basel stellt zwei Meister: Anton Stricker im Leichtgewicht und Paul Aeschbach im Mittelgewicht. Dazu kommt noch die Silbermedaille in der Mannschaftswertung.<\/p>\n\n\n\n<p><strong>09. &#8211; 10.12.1952<\/strong><br>Die Schweiz beteiligt sich zum ersten Mal an den Europameisterschaften. F\u00fcr diese EM in Paris werden die folgenden Judokas des JJJC Basel aufgeboten:<br>&#8211; Robert Diethelm<br>&#8211; John Hofer<br>&#8211; Franz Kaiser<br>&#8211; Edgar K\u00fcnzli<br>&#8211; Fritz Nebel<br>&#8211; Fred Strasser<br>&#8211; Anton Stricker<\/p>\n\n\n\n<p><strong>Juli 1953<\/strong><br>Man wusste sich schon damals zu helfen. Wenn das Dojo w\u00e4hrend der Schulferien geschlossen war, trainierte man im Sonnenbad St. Margarethen.<\/p>\n\n\n\n<p><strong>10. &#8211; 14.09.1953<\/strong><br>Japaner in der Schweiz! Was heute selbstverst\u00e4ndlich ist, war damals eine Sensation. Der JJJC Basel organisierte ein Trainings-Wochenende mit anschliessendem Gala-Abend im Musiksaal des Stadt-Casinos mit den Japanischen Meistern Mikinosako Kawaishi (7. Dan) und Shoozu Awazu (6. Dan). Es war ein einmaliger Erfolg!<\/p>\n\n\n\n<p><strong>01.05.1954<\/strong><br>Erstmals wird in Deutschland ein Drei-St\u00e4dte-Turnier ausgetragen. In Heidelberg siegt der JJJC Basel gegen Karlsruhe mit 10:2 und gegen Heidelberg mit 7:5 Punkten und wird damit Turniersieger.<\/p>\n\n\n\n<p><strong>27.07.1954<\/strong><br>Damit die beiden Basler Clubs besser von einander unterschieden werden k\u00f6nnen und um einen Streit mit dem Judo Club Basel beizulegen, wird aus dem JJJC Basel der JJJC Kaikan Basel.<\/p>\n\n\n\n<p><strong>28.11.1954<\/strong><br>Einmalige Film-Matin\u00e9e im Kino K\u00fcchlin. Der JJJC Kaikan zeigt eine Ju-Jitsu- und Judo-Demonstration und f\u00fchrt anschliessend einen Film \u00fcber die Kodokan-Judo-Meisterschaften 1953 vor. Die grosse Schar von Sportsfreunden hat ihre helle Freude am siebenj\u00e4hrigen Poldi.<\/p>\n\n\n\n<p><strong>04.12.1954<\/strong><br>Der gr\u00f6sste sportliche Erfolg in der Vereinsgeschichte! In Schaffhausen wird der JJJC Kaikan &#8211; mit den Judokas John Hofer, Jack Jaggi, Kurt Kn\u00e4bli, Edgar K\u00fcnzli, Heini Sandmeier und Fred Strasser &#8211; Schweizer Mannschaftsmeister mit einem Finalsieg \u00fcber den JJJC Z\u00fcrich mit 8:4 Punkten.<\/p>\n\n\n\n<p><strong>09.12.1954<\/strong><br>Eine 11-er Staffel vertritt die Schweiz an den Europa-Meisterschaften in Br\u00fcssel. Der Verband selektioniert folgende sieben K\u00e4mpfer vom JJJC Kaikan: R. Diethelm, J. Jaggi, F. Kaiser, E. K\u00fcnzli, F. Nebel, H. Sandmeier und F. Strasser.<\/p>\n\n\n\n<p><strong>11.05.1955<\/strong><br>Der Japanische Meister Kawamura (6. Dan) trainiert den JJJC Kaikan.<\/p>\n\n\n\n<p><strong>30.10.1955<\/strong><br>Zum ersten Mal Schweizer Meisterschaften in Basel. Der JJJC Kaikan kann seinen Titel nicht verteidigen und wird im Final vom JJJC Z\u00fcrich mit 7:5 Punkten geschlagen.<\/p>\n\n\n\n<p><strong>17.03.1956<\/strong><br>Erstmals Kontakt mit Italien. Die Palestra Spartacus in Mailand war bis zum letzten Platz ausverkauft. Die K\u00e4mpfe verliefen ausgeglichen und fair. Nicht zuletzt ist der Sieg der Mail\u00e4nder (12:4 Punkte) auf ihre physische \u00dcberlegenheit zur\u00fcckzuf\u00fchren, w\u00e4hrend sich die Basler eher als die besseren Techniker durchzusetzen versuchten. Erw\u00e4hnenswert ist die Haltung des Publikums, welches objektiv jede gute Leistung applaudierte.<\/p>\n\n\n\n<p><strong>30.04.1956<\/strong><br>Der Verband delegiert Pr\u00e4sident Franz Kaiser zusammen mit Otto Schafter, Z\u00fcrich als K\u00e4mpfer an die 1. Weltmeisterschaft nach Tokyo.<\/p>\n\n\n\n<p><strong>22.09.1956<\/strong><br>Heinrich Sandmeier wird in Z\u00fcrich Schweizer Meister im Leichtgewicht.<\/p>\n\n\n\n<p><strong>05.05.1958<\/strong><br>Verschiedene Mitglieder treten aus dem JJJC Kaikan aus und gr\u00fcnden einen neuen Verein, den Judokai Basel.<\/p>\n\n\n\n<p><strong>26.10.1958<\/strong><br>Auch wenn viele Judokas weggezogen sind &#8211; an den Schweizer Meisterschaften gelingt dem JJJC Kaikan ein Achtungserfolg. Ein zweiter Platz in der Mannschaftswertung (Final gegen den JC Basel) und ein dritter Platz im Schwergewicht durch B. Oggier.<\/p>\n\n\n\n<p><strong>21.07.1959<\/strong><br>Der langj\u00e4hrige Pr\u00e4sident und Gr\u00fcnder Franz Kaiser verl\u00e4sst den JJJC Kaikan und macht im St. Johann-Quartier eine eigene Judoschule auf.<br>Fazit: Der Judoplatz Basel leidet sehr unter den vielen neuen Judo-Clubs, die wie Pilze aus dem Boden schiessen und sich gegenseitig die Mitglieder abwerben. Der JJJC Kaikan muss seine Aktivit\u00e4ten einschr\u00e4nken, da viele seiner guten Judokas in andere Clubs \u00fcbergetreten sind.<\/p>\n\n\n\n<p><strong>22.11.1960<\/strong><br>Endlich wurde im Clara-Schulhaus ein Trainingslokal gefunden, wo man die Matten liegenlassen und auch jeden Tag trainieren konnte.<\/p>\n\n\n\n<p><strong>07.02.1961<\/strong><br>Der JJJC Kaikan stiftet den &#8222;Cup Cynar&#8220; f\u00fcr die Basler Clubs. Zur gleichen Zeit wird die Interessengemeinschaft der Judo Clubs beider Basel ins Leben gerufen.<\/p>\n\n\n\n<p><strong>04.03.1961<\/strong><br>Erste Austragung des &#8222;Cup Cynar&#8220; im Saal des Restaurants Greifen. Teilnehmer waren: Judo Club Basel, Judokai Basel, Do Yu Kan Basel und Kaikan Basel.<\/p>\n\n\n\n<p><strong>13.04.1961<\/strong><br>Hochstehendes Training mit dem Japaner Kondo (5. Dan).<\/p>\n\n\n\n<p><strong>07.09.1963<\/strong><br>\u00dcberlegener deutscher Judo-Sieg in Basel. Der Judo Club Polizeisportverein gewann gegen Kaikan Basel mit 14:6 Punkten.<\/p>\n\n\n\n<p><strong>1964\/1965<\/strong><br>Der Austragungsmodus der Schweizermeisterschaft f\u00fcr Mannschaften wird vom Schweizerischen Judoverband (SJV) ge\u00e4ndert. Das Verbandsgebiet wird neu in vier Regionen, eine Eliteklasse und drei St\u00e4rkeklassen eingeteilt. Der JC Kaikan wird in die St\u00e4rkeklasse A eingestuft. In jeder Klasse k\u00e4mpft von nun an jede Mannschaft gegen jede in einer Hin- und R\u00fcckrunde. Diese neue Austragungsart der Meisterschaft bringt Leben in die Judo Clubs, hat aber den Nachteil, dass sich von diesem Zeitpunkt an das Clubleben fast nur noch um die Mannschaftsmeisterschaft dreht und daher wegen den vielen K\u00e4mpfen kaum noch Zeit f\u00fcr andere Aktivit\u00e4ten bleibt.<\/p>\n\n\n\n<p><strong>27.01.1972<\/strong><br>Der JJJC Kaikan f\u00fchrte auch verschiedene Spezial-Trainings mit Schweizer Spitzenjudokas durch; vor allem auch mit dem Silbermedaillengewinner von Tokyo: Eric H\u00e4nni<\/p>\n\n\n\n<p><strong>01.12.1973<\/strong><br>Der JJJC Kaikan feiert sein 25. Clubjubil\u00e4um mit einer grossen Budo-Show im Saal des Restaurants Greifen. Diese Feier war ein Riesenerfolg und der Saal bis zum letzten Platz ausverkauft.<\/p>\n\n\n\n<p><strong>01.10.1974<\/strong><br>Der JJJC Kaikan bezieht im Gymnasium B\u00e4umlihof ein neues modernes Dojo, wo auch heute noch die Trainings stattfinden.<\/p>\n\n\n\n<p><strong>1970\/71 <\/strong>St\u00e4rkeklasse B: 6. Schlussrang, Abstieg mit den K\u00e4mpfern G. Frutig, M. Heuberger, R. Koller, E. Preisig, Hp. R\u00fcesch, F.  Schneider, R. Schneider, M. Winter, R. Zehnder, Trainer: J. Hofer <\/p>\n\n\n\n<p><strong>1971\/72  <\/strong>St\u00e4rkeklasse C: 6. Schlussrang mit dem K\u00e4mpfern G. Frutig, A. Gygax, M. Heuberger, J. Hofer, R. Koller, E. Preisig , Hp. R\u00fcesch, F. Schneider, R. Schneider B. Staub, W. Weger, R. Zehnder Trainer: J. Hofer <\/p>\n\n\n\n<p><strong>1973<\/strong>  St\u00e4rkeklasse C: 3. Schlussrang mit den K\u00e4mpfern G. Frutig, A. Gygax, M. Heuberger, R. J\u00e4ggi, R. Koller, E. Preisig ,  Hp. R\u00fcesch, F. Schneider, R. Michel, R. Zehnder Trainer: R. J\u00e4ggi <\/p>\n\n\n\n<p><strong>1974<\/strong>  St\u00e4rkek1asse C: 1. Schlussrang, Aufstieg mit den K\u00e4mpfern R. Beyrer, R. Ceppi, C. Gisiger, G. Frutig, A. Gygax, M. Heuberger, R. J\u00e4ggi, B. Renner, E. Preisig , Hp. R\u00fcesch, F. Schneider, R. Michel, R. Zehnder Trainer: R. J\u00e4ggi <\/p>\n\n\n\n<p><strong>1975<\/strong>  St\u00e4rkeklasse B: 1. Schlussrang, Aufstieg mit den K\u00e4mpfern R. Beyrer, C. Gisiger, G. Frutig, A. Gygax, M. Heuberger, R. J\u00e4ggi, U. Simon, E. Preisig , F. Schneider, R. Michel Trainer: R. J\u00e4ggi <\/p>\n\n\n\n<p><strong>1976<\/strong>  St\u00e4rkeklasse A: 1. Schlussrang, Aufstieg mit den K\u00e4mpfern R. Beyrer, C. Gisiger, G. Frutig, A. Gygax, M. Heuberger, R. J\u00e4ggi, U. Simon, F. Schneider, R. Michel, A. R\u00fcttimann Trainer: R. J\u00e4ggi <\/p>\n\n\n\n<p><strong>1977<\/strong> Nationalliga A: 5. Schlussrang, Abstieg mit den K\u00e4mpfern U. Beyrer, G. Frutig, A. Geiser, C. Gisiger, A. Gygax, H. Herbaut,  M. Heuberger, A. John,, F. Kaufmann, B. M\u00fcl1er, K. R\u00fcttimann, U. Simon, M. Toscano, R. v. Huben. Trainer:  vakant, teilweise U. Beyrer, U. Simon <\/p>\n\n\n\n<p><strong>1978<\/strong>  1. Liga: 5. Schlussrang mit den K\u00e4mpfern U. Beyrer, G. Frutig sen., G. Frutig jun., A. Gygax, H. Herbaut, M. Heuberger,  F. Kaufmann, H.R. Senn, U. Simon, M. Sch\u00f6nenberger Trainer: R. J\u00e4ggi <\/p>\n\n\n\n<p><strong>1979<\/strong>  1. Liga: 9. Schlussrang, Abstieg mit den K\u00e4mpfern G. Frutig sen., Hp. Amrein, U. Beyrer, G.  Frutig jun., A. Gygax, Hp. R\u00fcesch jun.,  M. Heuberger, A. Huber, H. R. Senn, U. Simon, H. Heinzelmann, B. M\u00fcller Trainer U. Simon, V. Farkas. <\/p>\n\n\n\n<p><strong>1980<\/strong> 2. Liga: 9. Schlussrang &#8211; Abstieg mit den K\u00e4mpfern U. Beyrer, R. B\u00f6sch, G. Frutig sen., G. Frutig jun., M. Heuberger, A. Huber,  Hp. R\u00fcesch jun., H.R. Senn, A. Siegwolf Trainer: vakant <\/p>\n\n\n\n<p><strong>1981<\/strong> Mannschaft zur\u00fcckgezogen <\/p>\n\n\n\n<p>Von 1975 &#8211; 1978 hatte der JJJC Kaikan f\u00fcr seine Ersatzk\u00e4mpfer noch eine zweite Mannschaft beim SJV gemeldet. <\/p>\n\n\n\n<p>T r a i n e r: <\/p>\n\n\n\n<p>1964-1972 John Hofer, 1973-1976 Ren\u00e9 J\u00e4ggi, 1977 Urs Simon\/ Udo Beyrer, 1978 Ren\u00e9 J\u00e4ggi, 1979 Urs Simon\/Vladimir Farkas, 1980 John Hofer (teilweise) <\/p>\n","protected":false},"excerpt":{"rendered":"<p>10.09.1948Im Anschluss an die Generalversammlung des dazumal einzigen Judo Clubs der Stadt Basel, des JUDO CLUB BASEL, waren einige Mitglieder mit der Judorichtung des Dr. Hanho Rhi nicht einverstanden und beschlossen, einen neuen Club zu gr\u00fcnden. 19.11. 1948Der neue Club wurde bereits Tatsache! 18 Judokas gr\u00fcndeten den Jiu Jitsu und Judo Club Basel (JJJC Basel). &hellip; <\/p>\n<p class=\"link-more\"><a href=\"https:\/\/judoclub-kaikan.ch\/index.php\/clubgeschichte\/\" class=\"more-link\"><span class=\"screen-reader-text\">\u201eClubgeschichte\u201c<\/span> weiterlesen<\/a><\/p>\n","protected":false},"author":1,"featured_media":0,"parent":0,"menu_order":0,"comment_status":"closed","ping_status":"closed","template":"","meta":{"footnotes":""},"class_list":["post-54","page","type-page","status-publish","hentry"],"_links":{"self":[{"href":"https:\/\/judoclub-kaikan.ch\/index.php\/wp-json\/wp\/v2\/pages\/54","targetHints":{"allow":["GET"]}}],"collection":[{"href":"https:\/\/judoclub-kaikan.ch\/index.php\/wp-json\/wp\/v2\/pages"}],"about":[{"href":"https:\/\/judoclub-kaikan.ch\/index.php\/wp-json\/wp\/v2\/types\/page"}],"author":[{"embeddable":true,"href":"https:\/\/judoclub-kaikan.ch\/index.php\/wp-json\/wp\/v2\/users\/1"}],"replies":[{"embeddable":true,"href":"https:\/\/judoclub-kaikan.ch\/index.php\/wp-json\/wp\/v2\/comments?post=54"}],"version-history":[{"count":5,"href":"https:\/\/judoclub-kaikan.ch\/index.php\/wp-json\/wp\/v2\/pages\/54\/revisions"}],"predecessor-version":[{"id":121,"href":"https:\/\/judoclub-kaikan.ch\/index.php\/wp-json\/wp\/v2\/pages\/54\/revisions\/121"}],"wp:attachment":[{"href":"https:\/\/judoclub-kaikan.ch\/index.php\/wp-json\/wp\/v2\/media?parent=54"}],"curies":[{"name":"wp","href":"https:\/\/api.w.org\/{rel}","templated":true}]}}